)/(-2) + -1. Let y = i - 6. Calculate the highest common factor of l and y.
1
Let g = 0 - 3. Let x be ((-544)/3)/4*g. Suppose 0 = 3*t - 0*r - r - x, 0 = r + 1. Calculate the highest common divisor of 9 and t.
9
Suppose 0*i + 25 = 5*i. Let y = 79 - 44. What is the highest common divisor of y and i?
5
Let t(n) = 2*n + 1. Let v be t(-2). Let q be 5*-3*v - 3. Calculate the highest common divisor of q and 28.
14
Let z be 2/(-2*(3 - 2)). Let x be (39/2 - -2)*-2. Let p be z/(-2 + 3) - x. Calculate the greatest common factor of 6 and p.
6
Let x = 3 + 3. Suppose 3*l = v - 22, -x = 2*v - 5*l - 47. Calculate the highest common divisor of v and 91.
13
Let w(i) = i**2 - 6*i - 5. Let h be w(7). Suppose -2*m - h*m = -32. Suppose -c + m = c. Calculate the highest common factor of 20 and c.
4
Let q = -8 - -19. Calculate the greatest common divisor of 11 and q.
11
Suppose 4*y = y - 18. Let l = -3 - y. What is the highest common divisor of 24 and l?
3
Let n(a) = a**2 - 7*a + 5. Let b be n(7). Suppose 5*l + h = 23, -b*l = 4*h - 16 - 1. Calculate the highest common factor of 40 and l.
5
Let w(y) = -15*y + 8. Let u(k) = -5*k + 3. Let q(a) = -11*u(a) + 4*w(a). Let s be q(-2). What is the highest common factor of s and 99?
9
Let n be (6*1)/(1/2). Suppose -7*g + 3*g + 24 = 0. Suppose 4*t + g = 5*t. What is the greatest common factor of n and t?
6
Let x = -42 - -44. Calculate the greatest common divisor of x and 8.
2
Suppose 0 = -5*y + 116 + 4. What is the greatest common factor of y and 24?
24
Let a(o) = -o**3 + 5*o**2 + 3*o + 8. Let q be a(6). Let w(f) = f**3 + 11*f**2 - 2*f + 10. Let k be w(q). What is the greatest common divisor of 26 and k?
26
Suppose 2 = 2*y - 6. Suppose 4*d = y + 12. Suppose 2*o + d*b = 0, o - 9*b + 4*b = 14. Calculate the highest common divisor of o and 4.
4
Let k(g) be the first derivative of -6*g**2 + 3*g + 6. Let a be k(-5). Let d = 21 - 12. Calculate the highest common factor of d and a.
9
Let x(y) = -y**2 + y + 4. Let t be x(5). Let j = t - -32. What is the greatest common factor of j and 2?
2
Let l be 63/6 + (-2)/4. Suppose -20 = -121*d + 117*d. What is the highest common divisor of d and l?
5
Suppose -5*t + 3 = -422. Calculate the highest common factor of 34 and t.
17
Let k = 18 + -2. Calculate the highest common divisor of 8 and k.
8
Let c = 94 + 53. What is the greatest common factor of c and 21?
21
Let m(b) = -24*b**3 - b**2. Let x be m(1). Let a = 37 + x. Calculate the greatest common divisor of a and 3.
3
Let t(q) = q**3 + 3*q**2 + 2*q. Let i be t(5). Suppose -3*v + 74 = -16. Calculate the highest common divisor of i and v.
30
Suppose 5*u + 45 - 185 = 0. Calculate the highest common factor of u and 14.
14
Let p be 1 + (-3)/((-3)/7). Suppose 5*g = 4*z + 135, 4*g - 29 = 5*z + 79. Let q be -32*(g/(-12) + 0). What is the highest common divisor of p and q?
8
Suppose y = -2*l + 5, -l = -5*y + 33 + 3. Calculate the highest common factor of y and 35.
7
Let h(r) = r**3 + 12*r**2 + 13*r - 12. Suppose 7*z - 50 = 12*z. Let q be h(z). Calculate the greatest common factor of q and 29.
29
Let r be 15/5 + 0 - -429. Calculate the greatest common divisor of r and 48.
48
Let h be 21 - 2/(2 - 4). Suppose -18*z - 440 = -26*z. What is the greatest common divisor of h and z?
11
Let l be (2 + 112/(-3))*-3. Suppose -d + 4*f - 82 = -4*d, -4*d = 2*f - l. What is the highest common factor of 208 and d?
26
Let d(r) = -3*r**3 - 4*r**2 + 3*r + 3. Let w be d(-2). Calculate the greatest common divisor of w and 25.
5
Let f = 13 + -11. Let l be f - (3 - -3) - -15. Calculate the greatest common divisor of 11 and l.
11
Suppose 0*t = s - 3*t - 18, 5*s = -3*t + 72. What is the greatest common factor of s and 15?
15
Let k = -19 - -23. What is the greatest common factor of 2 and k?
2
Suppose -10 = 5*r + 3*a + 183, -r - 45 = -a. Let v = r - -110. Calculate the greatest common factor of v and 46.
23
Suppose -4*y - 7*y + 143 = 0. Calculate the greatest common divisor of y and 117.
13
Suppose 167 = 2*x - 5*m, -3*m + 165 = 2*x - 6*m. What is the greatest common factor of 54 and x?
27
Suppose f + 0*f - 2*u = 18, 3*f - 36 = -3*u. Let y be (3 - f/4)*-102. Let i = -31 + y. Calculate the highest common factor of 5 and i.
5
Let v be (-38)/(-3) - (-12)/(-18). Calculate the greatest common factor of 12 and v.
12
Suppose 48 = 2*s - 5*r, 0 = -s + 4*r - 5*r + 24. What is the highest common divisor of 12 and s?
12
Let v = 32 + -22. Calculate the highest common factor of v and 110.
10
Let f = 3 + 3. Let t(l) = l - 7 + 3*l - f*l. Let z be t(-7). What is the highest common factor of 21 and z?
7
Let u be ((-8)/2 + -161)/(-1). What is the highest common factor of u and 15?
15
Let w = 12 - 1. What is the greatest common divisor of 88 and w?
11
Let o(f) = f**2 + f + 5. Let d be o(0). Suppose 3*b = -3, -d*t + 3*b = b - 92. Calculate the greatest common divisor of 2 and t.
2
Let j be 50/6 + 3/(-9). Suppose 2*a + 264 = 5*a. Calculate the greatest common factor of j and a.
8
Let y(v) = -v**3 + 21*v**2 - 18*v - 37. Let x be y(20). What is the greatest common factor of 6 and x?
3
Let x(p) = 4*p**2 + 1. Let k be x(2). Suppose 0 = d + 2*d - 1836. Suppose -z + d = 3*z. Calculate the highest common factor of k and z.
17
Suppose -4*n + 835 + 697 = 0. Let x = n - 218. Let c be (-4)/(2/(-1)) + 13. Calculate the highest common divisor of x and c.
15
Let h(g) = 4*g**2 - g. Let a be h(-2). Let m(l) = 8*l + 3. Let w be m(3). What is the highest common factor of a and w?
9
Let u(p) = p**3 - 9*p**2 + 4*p - 10. Let c be u(9). What is the highest common factor of c and 2?
2
Let s = -2 + 47. What is the greatest common divisor of 30 and s?
15
Let z = 172 - 80. Suppose 0 = -2*w + z + 28. What is the highest common factor of w and 6?
6
Let c(s) be the first derivative of -s**2/2 + 7*s + 9. Let t be c(4). Calculate the greatest common divisor of 6 and t.
3
Let f be -25 + (0 + -2 - -5). Let k = f - -48. Let z be (-10)/(-2)*(14 + -1). Calculate the greatest common divisor of k and z.
13
Suppose -t - 4 = -14. Suppose -z + 17 = 3*b, 5*b = -5*z + 6 + 29. Calculate the highest common divisor of t and b.
5
Suppose 0 = -0*j + 4*j - 180. Let y be j + (-2 - -2)*-1. Calculate the highest common factor of 5 and y.
5
Let v = 4 + -1. Suppose 0 = -v*y + 12 - 3. Calculate the highest common divisor of 21 and y.
3
Let d = 6 + -3. Let r(x) = -x**3 - 14*x**2 + 14*x + 9. Let t be r(-15). Calculate the greatest common divisor of d and t.
3
Let t = -42 - -63. What is the highest common divisor of t and 28?
7
Let y(v) = -v**2 + 7*v - 4. Let n be y(6). Suppose n*f = -f + 120. Calculate the highest common factor of 16 and f.
8
Suppose 4*r + 8 = -0. Let v = r + 8. Suppose 0 = -2*u + v*u - 60. What is the highest common divisor of 15 and u?
15
Let x(i) = 13*i - 22. Let l be x(11). Suppose 2*y + 58 = 2*m + 4*y, -4 = y. Suppose 4*k - m = k. Calculate the greatest common factor of k and l.
11
Suppose 0 = 4*a - 7 - 9. Suppose 0 = 3*u - 2*u - a. Let w = 2 + u. Calculate the greatest common divisor of w and 54.
6
Let n(m) = 2*m**3 - 3*m**2 + 2. Let d be n(2). Let q(b) = 12*b. Let g be q(d). What is the greatest common factor of 24 and g?
24
Suppose 28 = 6*j - 2*j + 4*g, -2*g - 10 = -4*j. Calculate the highest common factor of j and 44.
4
Suppose -6*l + 26 = -10. What is the greatest common factor of l and 42?
6
Let k = -23 - -32. Suppose 0 = 2*m - m - k. What is the greatest common factor of m and 63?
9
Let q be (-304)/(-14) - 48/(-168). Let f = q + 18. Let j be 2 - -8*(-1 - -2). What is the highest common factor of f and j?
10
Let i = -27 + 75. Calculate the greatest common divisor of i and 16.
16
Let g = 57 + 43. Calculate the highest common divisor of g and 40.
20
Let w = 0 - -5. Let x = 32 + 8. What is the greatest common divisor of x and w?
5
Suppose 3 = -r + 6, 0 = -v + 4*r + 106. Let p = -146 - v. Let d = -160 - p. Calculate the greatest common factor of d and 13.
13
Let k be -2*4 + 10/5. Let z be 2/(4/k - 0). Let h be 47 - z/((-6)/4). Calculate the greatest common factor of 18 and h.
9
Let t(a) = -a**2 - 7*a + 1. Let b = -5 + -1. Let c be t(b). Calculate the greatest common divisor of 35 and c.
7
Let j be (2 - -8)/(4/6). What is the highest common divisor of j and 15?
15
Let h = 9 - 3. Suppose h*f - 175 = f - 5*y, 0 = 4*f - y - 165. Calcula